what is 101 + 110010011?
110011000
In base 3, what is -20 - 202?
-222
In base 14, what is -1 - -1b?
1a
In base 4, what is 22 - -10023?
10111
In base 9, what is 688 - -5?
704
In base 11, what is 0 + 42a?
42a
In base 2, what is -100001 - -11?
-11110
In base 6, what is -12 + 11102?
11050
In base 5, what is 100 + 1120?
1220
In base 4, what is 122 - 22?
100
In base 3, what is 12012 + 1?
12020
In base 11, what is 20 + -32?
-12
In base 14, what is -5 + -886?
-88b
In base 14, what is -53 + -1c?
-71
In base 3, what is -10 + 11121212?
11121202
In base 12, what is -5 + -1008?
-1011
In base 13, what is -4 - -19?
15
In base 15, what is 45 + 4?
49
In base 6, what is -12 - 44?
-100
In base 8, what is 1 + 106?
107
In base 4, what is -10303 - 11?
-10320
In base 5, what is -23 - -1?
-22
In base 3, what is -21 - -2111?
2020
In base 10, what is 24 + -3?
21
In base 3, what is 221 + 11?
1002
In base 10, what is -1398 + -5?
-1403
In base 4, what is 1221 - 2?
1213
In base 8, what is -14167 - 6?
-14175
In base 11, what is -525 + 4?
-521
In base 10, what is -30139 + 5?
-30134
In base 11, what is 3a - 4?
36
In base 4, what is -230 - -11?
-213
In base 12, what is -3 + 25?
22
In base 6, what is -252 - -1405?
1113
In base 16, what is 8 - -116?
11e
In base 16, what is -3 + dd?
da
In base 11, what is 1 - -27?
28
In base 11, what is 17 + -47?
-30
In base 9, what is -1 + -138?
-140
In base 5, what is -4201 + -3?
-4204
In base 2, what is 1011 + -100111?
-11100
In base 2, what is 100 + 10011001100?
10011010000
In base 9, what is 5 - -22?
27
In base 7, what is -130 - -115?
-12
In base 8, what is 1011 + -4?
1005
In base 7, what is -325 + -11?
-336
In base 8, what is 16 - 120?
-102
In base 4, what is -103 - 2103?
-2212
In base 8, what is -656 + 5?
-651
In base 14, what is -9aa + 3?
-9a7
In base 13, what is 59b - -4?
5a2
In base 9, what is 477 - -3?
481
In base 14, what is 9 - 30c?
-303
In base 11, what is 154 - -2?
156
In base 4, what is 0 - -323?
323
In base 7, what is 11 - -236?
250
In base 15, what is d7 + 4?
db
In base 8, what is 1204 - 10?
1174
In base 10, what is 3 - -240?
243
In base 10, what is 2 + -262?
-260
In base 9, what is -4 - 438?
-443
In base 3, what is 212000 - 10?
211220
In base 16, what is 4d - 5?
48
In base 8, what is 6 + -33?
-25
In base 11, what is 30 + 5?
35
In base 15, what is -171 + 3?
-16d
In base 6, what is -3253 - 52?
-3345
In base 4, what is 1030 - 1323?
-233
In base 9, what is -1 - 13?
-14
In base 4, what is -1 + 232?
231
In base 11, what is 99 + -3?
96
In base 16, what is -2 + b8?
b6
In base 4, what is 10 + -222201?
-222131
In base 12, what is -4 + -1499?
-14a1
In base 11, what is 4076 - -1?
4077
In base 12, what is -27 + 3?
-24
In base 11, what is 162 - 2?
160
In base 16, what is 3 + -9?
-6
In base 12, what is 4 + -21?
-19
In base 2, what is 11 + -100110101?
-100110010
In base 7, what is -32106 + -5?
-32114
In base 14, what is -2b5 + -5?
-2ba
In base 9, what is 4460 + 1?
4461
In base 5, what is -3230 + -10?
-3240
In base 2, what is 110000000 - 101?
101111011
In base 9, what is -5 - -606?
601
In base 13, what is -4 + -41a1?
-41a5
In base 6, what is -1 - 400?
-401
In base 13, what is -5 - 9?
-11
In base 10, what is -902 + -6?
-908
In base 5, what is 3 - 13414?
-13411
In base 7, what is -56 - 201?
-260
In base 15, what is -44 + -2a?
-6e
In base 12, what is -b24 - 4?
-b28
In base 16, what is 1 - -2a?
2b
In base 10, what is 78 + -9?
69
In base 13, what is -c + 277?
268
In base 3, what is 1 - -1001000?
1001001
In base 7, what is -20523 - -2?
-20521
In base 9, what is -2 + 703?
701
In base 11, what is -61 - 3?
-64
In base 8, what is -14117 + -4?
-14123
In base 10, what is 147 - -2?
149
In base 15, what is 3 + 1de0?
1de3
In base 7, what is -1 - 11625?
-11626
In base 6, what is -3 + 11443?
11440
In base 13, what is -42 + -7?
-49
In base 11, what is -a + 12?
3
In base 15, what is -7 + 0?
-7
In base 3, what is 10200 + -2?
10121
In base 16, what is 5d0 - 4?
5cc
In base 3, what is -1100 - -20?
-1010
In base 11, what is 148 + 4?
151
In base 11, what is 48a + -3?
487
In base 5, what is -12 - -1410?
1343
In base 2, what is -111100 - -10010?
-101010
In base 12, what is 227 - 2?
225
In base 5, what is 2 + -21?
-14
In base 8, what is -140 - 4?
-144
In base 7, what is 2 + 1212?
1214
In base 6, what is -5 + 12003?
11554
In base 2, what is 10 - -1101110?
1110000
In base 16, what is 3 - -1f?
22
In base 5, what is -3 - -210104?
210101
In base 9, what is 0 - -1604?
1604
In base 9, what is -57 + -18?
-76
In base 8, what is 40516 + 0?
40516
In base 10, what is -99 + 6?
-93
In base 15, what is 26 + -70?
-49
In base 9, what is -24 - -4?
-20
In base 8, what is 42 + -17?
23
In base 6, what is 1 - -14534?
14535
In base 13, what is 5 + 1659?
1661
In base 10, what is 2 + -1155?
-1153
In base 6, what is 5 + 11142?
11151
In base 7, what is -1 + -206?
-210
In base 15, what is 58 - d?
4a
In base 11, what is -8 + -5?
-12
In base 4, what is 11 + -1001?
-330
In base 5, what is 0 + 14322?
14322
In base 6, what is -2432 - -4?
-2424
In base 3, what is -2 - -11222?
11220
In base 14, what is 14 + -b?
7
In base 10, what is -47 + -16?
-63
In base 2, what is -11 - -11111011?
11111000
In base 5, what is -1 - 134?
-140
In base 14, what is 4 + 206?
20a
In base 7, what is -2121 - -5?
-2113
In base 2, what is -100 + 100000100?
100000000
In base 15, what is -5 + -33?
-38
In base 8, what is 5 + 30?
35
In base 9, what is -12857 - -2?
-12855
In base 2, what is -1 + -1001110?
-1001111
In base 11, what is -1 + -57?
-58
In base 15, what is a + -3c5?
-3ba
In base 10, what is -5 - 4?
-9
In base 13, what is 23 + 36b?
391
In base 12, what is 1 + 61?
62
In base 3, what is 100220 - 0?
100220
In base 6, what is -335 + 10?
-325
In base 13, what is 0 - -278?
278
In base 2, what is -1 - 1110001?
-1110010
In base 12, what is 0 - -326?
326
In base 15, what is -4 - -d?
9
In base 4, what is 1232 + -1331?
-33
In base 7, what is 141 + 315?
456
In base 2, what is 10001 - 100010?
-10001
In base 16, what is -3 + -c?
-f
In base 3, what is -10 - -1?
-2
In base 5, what is -2 + -24120?
-24122
In base 9, what is 504 + 0?
504
In base 7, what is 3 + -243?
-240
In base 4, what is 3 - -12?
21
In base 13, what is 71 - 68?
6
In base 7, what is -1403 - 4?
-1410
In base 16, what is 329 + -5?
324
In base 8, what is 17 - 17?
0
In base 2, what is 1 + 11011011?
11011100
In base 12, what is 19 - -19?
36
In base 4, what is 0 + 12203?
12203
In base 3, what is 221202 + 2?
221211
In base 6, what is -1455 + -1?
-1500
In base 3, what is -102210 + 12?
-102121
In base 16, what is c1f - 6?
c19
In base 12, what is -136 + 12?
-124
In base 12, what is -5 + -231a?
-2323
In base 14, what is 4 + 4d?
53
In base 9, what is -2 + 60?
57
In base 16, what is 6 - -1?
7
In base 14, what is 56 - -c?
64
In base 7, what is 2025 + -2?
2023
In base 6, what is -23 + 34?
11
In base 4, what is 121 - -12?
133
In base 4, what is -1 + 1101?
1100
In base 10, what is 4 + 584?
588
In base 8, what is -12265 - -4?
-12261
In base 10, what is -685 - 1?
-686
In base 13, what is b79 - 4?
b75
In base 16, what is -156 - 1?
-157
In base 15, what is 3 + 17a?
17d
In base 12, what is ba - 1?
b9
In base 14, what is 59 - 30?
29
In base 11, what is 1077a - 1?
10779
In base 14, what is c + 138?
146
In base 11, what is 42 + 11?
53
In base 2, what is 101110101 - 1011?
101101010
In base 7, what is -213 - 11?
-224
In base 7, what is 2336 - -3?
2342
In base 16, what is 15b4 - 5?
15af
In base 10, what is -3301 + 2?
-3299
In base 15, what is 26 - -5?
2b
In base 3, what is 111200 - -1?
111201
In base 16, what is -f + -23a?
-249
In base 6, what is -35 - -4?
-31
In base 10, what is 4044 + 5?
4049
In base 14, what is 22 + 11?
33
In base 16, what is 2f - 2?
2d
In base 7, what is 51 - 3?
45
In base 2, what is 101 + -10111001000?
-10111000011
In base 14, what is -5 - 3ba?
-3c1
In base 2, what is -1101000010110 + -101?
-1101000011011
In base 6, what is -55432 - 2?
-55434
In base 16, what is -4 + 5c3?
5bf
In base 5, what is -1013 + 4?
-1004
In base 16, what is 5d - -25?
82
In base 5, what is 320201 - 4?
320142
In base 13, what is 5 - -321?
326
In base 8, what is 0 + -367?
-367
In base 4, what is 10 + -2?
2
In base 8, what is 631 - 16?
613
In base 5, what is 10 + 2322?
2332
In base 3, what is -100002002 + -11?